3107. What is the highest common divisor of 34 and y?
17
Suppose -61*j = -58*j - 12. Suppose -i - 104 = -j*n + 4*i, 4*n - 76 = -2*i. Calculate the greatest common divisor of n and 525.
21
Suppose -5*n + 9366 = -3*j, -5*n - 5*j = -j - 9352. Calculate the greatest common factor of n and 144.
144
Suppose -2*d - 26 = y - 3*y, -4*y + 62 = -2*d. Let a = 374 - 212. What is the highest common factor of y and a?
18
Suppose 4*z - 108 + 1776 = 0. Let v = 935 + z. What is the greatest common divisor of 222 and v?
74
Let f(k) = -5*k**3 + 24*k**2 + 8*k - 9. Let u be f(5). Suppose -2*w - 6 = -3*c, w - 2 = -c - 2*w. Calculate the highest common divisor of c and u.
2
Let y be (-28 - 2)*9/(-6). Suppose -36*u = -201 - 771. What is the greatest common factor of y and u?
9
Suppose -52528 = -179*m + 45*m. Calculate the highest common factor of m and 264.
8
Suppose p - 7*p + 48 = 0. Suppose i + p = 12. Suppose -i*l + 21*l = 374. What is the greatest common factor of 154 and l?
22
Let g = -7801 + 19043. What is the greatest common factor of 154 and g?
154
Let n(x) = 66*x - 30. Let u = -51 + 52. Let p be n(u). Calculate the greatest common factor of 180 and p.
36
Let g be (-26841)/(-483) - 6/(-14). Let t be 1554/g - (-9)/(-12). Calculate the highest common divisor of 459 and t.
27
Let w = 128 + -84. What is the highest common factor of 20 and w?
4
Let s be ((-490)/(-105)*9/(-6))/(2/(-10)). What is the greatest common divisor of s and 20?
5
Suppose 8314*k - 8324*k = -11280. What is the greatest common factor of k and 600?
24
Suppose -33 = 7*u - 65 + 25. What is the highest common divisor of 3049 and u?
1
Suppose 0 = -2*s - l + 212, 0 = -s - 3*l + l + 112. Suppose y - 44 = s. What is the highest common factor of y and 37?
37
Suppose 3*y - 1851 = -4*n, -20*y = 5*n - 23*y - 2280. What is the greatest common divisor of n and 357?
51
Let j(n) = -n**3 + 4*n**2 + 2*n - 2. Suppose 5*h = 9*h - 2*x + 12, 0 = 3*h - 4*x + 14. Let m be j(h). Calculate the greatest common factor of m and 2.
2
Suppose -3 - 38 - 31 = -12*i. What is the greatest common divisor of i and 1821?
3
Suppose 136*n - 52*n - 24624 = -68*n. Calculate the greatest common divisor of 3483 and n.
81
Suppose -80174 = -82*j + 34298. Calculate the highest common factor of 4 and j.
4
Let r be 14 - 3*1/(-6)*(4 + -4). Calculate the greatest common divisor of 6874 and r.
14
Let i = -194 + 209. Let u be (i/(-6) + 2)/(17/(-1632)). Calculate the highest common factor of 80 and u.
16
Suppose -79 = -7*z + 236. Let x(w) = w**2 + 14*w - 5. Let o be x(-19). Calculate the highest common factor of z and o.
45
Let k = -172 + 177. Suppose -113 = -k*p - 38. Calculate the highest common factor of p and 5.
5
Let d(h) = h**3 - 31*h**2 - 2*h + 43. Let y be d(31). Suppose -223 = -6*l - 31. Let a = l + y. Calculate the highest common divisor of a and 208.
13
Suppose 0 = -37*u - 1425 + 5828. What is the greatest common divisor of 525 and u?
7
Let m = -3605 + 3735. Calculate the greatest common factor of 845 and m.
65
Let t be (8 + (10 - 19))/(1/(-9)). Calculate the greatest common divisor of 1521 and t.
9
Let c(k) = -k**3 + 19*k**2 - 29*k - 26. Let f be c(17). Let w = 293 - f. Calculate the greatest common factor of 18 and w.
18
Suppose -2954 = 55*y - 70*y + 2446. What is the greatest common factor of 1560 and y?
120
Let s(r) = -13*r**3 - 5*r**2 - 50*r - 36. Let y be s(-4). What is the highest common divisor of y and 44?
4
Suppose 64*z = -81*z + 2610. Calculate the greatest common factor of 166 and z.
2
Suppose 4*s - 28 = -4*y, -4*y - y = 4*s - 30. Suppose -f + y*b = -94, 4*f + b - 4*b - 361 = 0. Calculate the highest common factor of 11 and f.
11
Suppose -7 = 10*z - 117. Let o = 133 - -208. What is the greatest common divisor of o and z?
11
Suppose 0 = 7*y - 77 + 35. Let p(a) = 15*a - 40. Let m be p(y). What is the highest common divisor of 675 and m?
25
Let a(y) be the second derivative of -y**4/4 + 49*y**3/6 + 39*y**2/2 + 4*y - 13. Let t be a(16). What is the highest common factor of t and 99?
11
Let h = -165 + 291. Let j(t) = t**2 - 12*t + 23. Let d be j(13). What is the greatest common factor of h and d?
18
Let v be ((-52)/3)/(1/(-12)). Suppose -5*a + 4*f = -114, -128*a + 44 = -126*a - 2*f. What is the highest common factor of a and v?
26
Suppose -9*t = 27*t - 6048. Let b be (-6)/(t/35)*-52. Calculate the highest common divisor of b and 104.
13
Let g be (-10 - -16)*(-309)/(-18). Let t = g + -83. What is the highest common divisor of t and 4?
4
Let i be 170 - ((-10)/45 - (-2)/9). Let a = i + 76. What is the greatest common divisor of a and 82?
82
Suppose -5*x - 3*m = -342, 0*x = 3*x + m - 206. What is the greatest common factor of x and 759?
69
Suppose -11*y + 5*l = -10*y - 170, 3*l + 12 = 0. What is the greatest common divisor of 480 and y?
30
Suppose 3*t + 180 = -b + 669, -4*t + 645 = -b. Suppose -y + 0*y + 18 = 0. What is the highest common factor of y and t?
18
Suppose 0 = 16*h - 19*h + 414. What is the highest common factor of 2553 and h?
69
Let c = -3408 - -7348. What is the greatest common divisor of c and 197?
197
Suppose 71*j + 19*j - 134724 = -128*j. Calculate the highest common divisor of 42 and j.
6
Let l be (-4 - 5)*1 + 57. Let g be (-51)/34 + 243/2. What is the highest common factor of l and g?
24
Let p be ((-185)/222 - 1/(-3)) + (-135551)/(-26). Calculate the greatest common factor of p and 13.
13
Let k be (2/(-4))/((-7)/700). Suppose 30*t - 29700 = -3*t. Calculate the greatest common factor of t and k.
50
Suppose -k + 6*k = 2*g - 16, -4*g - 4*k + 4 = 0. Let s(d) = -d**3 + 6*d**2 + 2*d - 1. Let l be s(g). What is the highest common divisor of l and 864?
32
Let z be 5/(8 + -12 + (-26)/(-4)). Suppose -q + 3*f = q - 47, -53 = -z*q - 3*f. What is the highest common divisor of q and 1?
1
Let g = -3022 - -3112. What is the greatest common factor of 1170 and g?
90
Let y = 27202 - 14630. Calculate the highest common divisor of 28 and y.
28
Suppose -203 - 51 = -64*d + 514. What is the greatest common divisor of d and 7428?
12
Let p(q) = -3*q**2 + 4*q. Let k be p(4). Let b = 93 - k. What is the greatest common divisor of 10 and b?
5
Suppose -2*n - 3 = -2*j + 5*j, n + 3 = -2*j. Let y be 4*((5 - 33) + n). Let v be 60/y - (-526)/10. Calculate the highest common factor of 4 and v.
4
Let w(x) = 2*x**3 - 19*x**2 + 48*x - 10. Let q be w(4). What is the highest common divisor of 486 and q?
6
Let t(v) = -v**2 + 28*v - 5. Let w = -74 - -101. Let s be t(w). Calculate the highest common divisor of 242 and s.
22
Suppose 2*p - 150 = 2*s, 7*s + 233 = 3*p + 12*s. Suppose 54*t = 56*t - p. What is the highest common divisor of 152 and t?
38
Let o(v) = 229*v + 14. Let r be o(2). Let c = r + -428. Calculate the highest common factor of c and 4.
4
Let r be (-2)/3*4*348/(-32). Suppose 18*t + 550 = r*t. What is the greatest common divisor of 320 and t?
10
Let g = -2705 - -4113. What is the highest common divisor of 132 and g?
44
Suppose 4*a + s = 1250 + 1207, -5*s + 2445 = 4*a. Suppose 65*r = 2*o + 70*r - 25, 14 = o + r. Calculate the greatest common factor of o and a.
15
Let k = 181 - 44. Suppose -4*n + k = -3*o - 2*o, -4*n + 97 = 3*o. Let g be (-375)/(-9) + 1/3. What is the highest common factor of n and g?
14
Suppose 106185 = 18*t - 170961. Calculate the greatest common factor of t and 346.
173
Suppose l + 3*b = 25, 73 = 5*l + 3*b - b. Suppose -22 = -t - 5*h - 3, -t + l = 3*h. Suppose -t*g = -868 + 100. What is the greatest common divisor of 48 and g?
48
Let d = -73 + 71. Let r(i) = i**2 + i + 2. Let f be r(d). Suppose 4*z + x = -x + 8, -f*z + 24 = -2*x. Calculate the highest common factor of z and 44.
4
Let m(v) = 217*v**3 + 20*v**2 - 23*v - 6. Let q be m(3). What is the greatest common divisor of q and 126?
42
Let a = -26267 - -37488. What is the greatest common factor of a and 458?
229
Suppose 3*h - 82 + 7 = 3*w, 0 = -h - 4*w + 20. Suppose 5*l - 1 = h. Suppose 0 = -l*x + 241 - 91. Calculate the highest common divisor of x and 20.
10
Let s be (1 - (-1 - 6))/1. Suppose 4*n + 13*o - 22 = s*o, 0 = 2*n - 3*o. What is the greatest common divisor of n and 12?
3
Suppose 3*d - 240 = -12*d. Let y = 1006 + -702. What is the highest common divisor of y and d?
16
Suppose -5*g + 2*o = -48, -4*g + 167*o = 170*o - 66. What is the highest common divisor of 1724 